{"id":10534,"date":"2018-12-12T16:17:19","date_gmt":"2018-12-12T16:17:19","guid":{"rendered":"http:\/\/plaza54.com\/pagina\/?page_id=10534"},"modified":"2018-12-12T17:10:12","modified_gmt":"2018-12-12T17:10:12","slug":"ubicacion","status":"publish","type":"page","link":"https:\/\/plaza54.com\/pagina\/ubicacion\/","title":{"rendered":"Ubicaci\u00f3n"},"content":{"rendered":"<style type=\"text\/css\"> \n#cmsmasters_row_6a08fa3a3fbf8 .cmsmasters_row_outer_parent { \n\tpadding-top: 80px; \n} \n\n#cmsmasters_row_6a08fa3a3fbf8 .cmsmasters_row_outer_parent { \n\tpadding-bottom: 15px; \n} \n\n \n#cmsmasters_row_6a08fa3a3fcaf .cmsmasters_row_outer_parent { \n\tpadding-top: 0px; \n} \n\n#cmsmasters_row_6a08fa3a3fcaf .cmsmasters_row_outer_parent { \n\tpadding-bottom: 15px; \n} \n\n \n#cmsmasters_row_6a08fa3a3fd3a .cmsmasters_row_outer_parent { \n\tpadding-top: 0px; \n} \n\n#cmsmasters_row_6a08fa3a3fd3a .cmsmasters_row_outer_parent { \n\tpadding-bottom: 15px; \n} \n\n \n#cmsmasters_row_6a08fa3a3fdd9 .cmsmasters_row_outer_parent { \n\tpadding-top: 0px; \n} \n\n#cmsmasters_row_6a08fa3a3fdd9 .cmsmasters_row_outer_parent { \n\tpadding-bottom: 0px; \n} \n\n<\/style><div id=\"cmsmasters_row_6a08fa3a3fbf8\" class=\"cmsmasters_row cmsmasters_color_scheme_default cmsmasters_row_top_default cmsmasters_row_bot_default cmsmasters_row_boxed\">\n<div class=\"cmsmasters_row_outer_parent\">\n<div class=\"cmsmasters_row_outer\">\n<div class=\"cmsmasters_row_inner\">\n<div class=\"cmsmasters_row_margin\">\n<div class=\"cmsmasters_column one_first\">\n<div class=\"cmsmasters_text\">\n<h3 style=\"text-align: center;\"><span style=\"color: #000000; font-size: 24pt; line-height: 32pt; font-weight: bold;\">UBICACI\u00d3N<span style=\"color: #ffffff; font-weight: 100;\">!!<\/span><\/span><\/h3>\n<\/div>\n<\/div>\n<\/div>\n<\/div>\n<\/div>\n<\/div>\n<\/div>\n<div id=\"cmsmasters_row_6a08fa3a3fcaf\" class=\"cmsmasters_row cmsmasters_color_scheme_default cmsmasters_row_top_default cmsmasters_row_bot_default cmsmasters_row_boxed\">\n<div class=\"cmsmasters_row_outer_parent\">\n<div class=\"cmsmasters_row_outer\">\n<div class=\"cmsmasters_row_inner\">\n<div class=\"cmsmasters_row_margin\">\n<div class=\"cmsmasters_column one_first\">\n<div class=\"custom_html\">\n<p><center><\/p>\n<section id=\"aside\" class=\"clearfix\">\n<section id=\"recipientcase\">\n<iframe loading=\"lazy\" src=\"https:\/\/www.google.com\/maps\/d\/embed?mid=1EOhIA2Yiz-iev8REsZFWkVAosTa9BtJp\" width=\"1100\" height=\"500\"><\/iframe>\n\t\t\t\t<\/div>\n<\/section>\n<p><\/center><\/p>\n<\/div>\n<\/div>\n<\/div>\n<\/div>\n<\/div>\n<\/div>\n<\/div>\n<div id=\"cmsmasters_row_6a08fa3a3fd3a\" class=\"cmsmasters_row cmsmasters_color_scheme_default cmsmasters_row_top_default cmsmasters_row_bot_default cmsmasters_row_boxed\">\n<div class=\"cmsmasters_row_outer_parent\">\n<div class=\"cmsmasters_row_outer\">\n<div class=\"cmsmasters_row_inner\">\n<div class=\"cmsmasters_row_margin\">\n<div class=\"cmsmasters_column one_first\">\n<div class=\"cmsmasters_text\">\n<p>El Centro Comercial Plaza 54 se encuentra ubicado en la s\u00faper-manzana Comercial Galer\u00edas, en el antiguo barrio Sears de la ciudad de Bogot\u00e1. Este sector es reconocido por ser una zona de tradici\u00f3n comercial en la ciudad. La direcci\u00f3n es Carrera 24 No. 53 &#8211; 73.<\/p>\n<p>El centro comercial cuenta con f\u00e1ciles v\u00edas de acceso, situada en medio de dos (2) troncales de transmilenio, en el coraz\u00f3n de la ciudad, con facilidades de parqueadero para todos sus visitantes.<\/p>\n<\/div>\n<\/div>\n<\/div>\n<\/div>\n<\/div>\n<\/div>\n<\/div>\n<div id=\"cmsmasters_row_6a08fa3a3fdd9\" class=\"cmsmasters_row cmsmasters_color_scheme_default cmsmasters_row_top_default cmsmasters_row_bot_default cmsmasters_row_boxed\">\n<div class=\"cmsmasters_row_outer_parent\">\n<div class=\"cmsmasters_row_outer\">\n<div class=\"cmsmasters_row_inner\">\n<div class=\"cmsmasters_row_margin\">\n<div class=\"cmsmasters_column one_first\">\n<div class=\"cmsmasters_text\">\n<h1 style=\"text-align: center;\"><strong>Como llegar al C.C Plaza 54<\/strong><\/h1>\n<p>Existen diferentes formas de llegar al Centro Comercial Plaza 54, a continuaci\u00f3n exponemos las m\u00e1s f\u00e1ciles.<\/p>\n<h3>Acceso por la Autopista Norte sentido Norte &#8211; Sur:<\/h3>\n<p>&#8211; Tome la Autopista Norte hasta la calle 92 y contin\u00fae por la Avenida Carrera 30 (NQS).<\/p>\n<p>&#8211; Tome la calzada Occidental en la calle 69.<\/p>\n<p>&#8211; Contin\u00fae por la paralela sobre la Avenida Carrera 30 (NQS) y tome el puente antes del Coliseo y el Estadio el Camp\u00edn sobre la diagonal 61 C.<\/p>\n<p>&#8211; Gire a la derecha en la carrera 24 la cual se convierte m\u00e1s adelante en la transversal 28 y contin\u00fae hasta la calle 53B.<\/p>\n<p>&#8211; Contin\u00fae sobre la calle 53B, antes de llegar a la carrera 24 encontrar\u00e1 la entrada al parqueadero del Centro Comercial Plaza 54 sobre su derecha.<\/p>\n<h3>Acceso por la carrera 30 sentido Sur &#8211; Norte:<\/h3>\n<p>&#8211; Tome la Avenida Carrera 30 sobre la paralela oriental.<\/p>\n<p>&#8211; Gire a la derecha en la calle 53B.<\/p>\n<p>&#8211; Contin\u00fae sobre la calle 53B, antes de llegar a la carrera 24 encontrar\u00e1 la entrada al parqueadero del Centro Comercial Plaza 54 sobre su derecha.<\/p>\n<h3>Acceso por la Avenida calle 53 sentido Oriente &#8211; Occidente:<\/h3>\n<p>&#8211; Tome la calle 53 hasta la Avenida Carrera 30.<\/p>\n<p>&#8211; Gire a la derecha en la Avenida Carrera 30 y ub\u00edquese sobre la paralela oriental.<\/p>\n<p>&#8211; Gire a la derecha en la carrera 53 B.<\/p>\n<p>&#8211; Contin\u00fae sobre la calle 53B, antes de llegar a la carrera 24 encontrar\u00e1 la entrada al parqueadero del Centro Comercial Plaza 54 sobre su derecha.<\/p>\n<\/div>\n<\/div>\n<\/div>\n<\/div>\n<\/div>\n<\/div>\n<\/div>\n\n","protected":false},"excerpt":{"rendered":"","protected":false},"author":1,"featured_media":0,"parent":0,"menu_order":0,"comment_status":"closed","ping_status":"closed","template":"","meta":{"footnotes":""},"class_list":["post-10534","page","type-page","status-publish","hentry"],"_links":{"self":[{"href":"https:\/\/plaza54.com\/pagina\/wp-json\/wp\/v2\/pages\/10534","targetHints":{"allow":["GET"]}}],"collection":[{"href":"https:\/\/plaza54.com\/pagina\/wp-json\/wp\/v2\/pages"}],"about":[{"href":"https:\/\/plaza54.com\/pagina\/wp-json\/wp\/v2\/types\/page"}],"author":[{"embeddable":true,"href":"https:\/\/plaza54.com\/pagina\/wp-json\/wp\/v2\/users\/1"}],"replies":[{"embeddable":true,"href":"https:\/\/plaza54.com\/pagina\/wp-json\/wp\/v2\/comments?post=10534"}],"version-history":[{"count":31,"href":"https:\/\/plaza54.com\/pagina\/wp-json\/wp\/v2\/pages\/10534\/revisions"}],"predecessor-version":[{"id":10566,"href":"https:\/\/plaza54.com\/pagina\/wp-json\/wp\/v2\/pages\/10534\/revisions\/10566"}],"wp:attachment":[{"href":"https:\/\/plaza54.com\/pagina\/wp-json\/wp\/v2\/media?parent=10534"}],"curies":[{"name":"wp","href":"https:\/\/api.w.org\/{rel}","templated":true}]}}