{"id":9608,"date":"2018-08-09T14:17:45","date_gmt":"2018-08-09T14:17:45","guid":{"rendered":"http:\/\/plaza54.com\/pagina\/?page_id=9608"},"modified":"2019-01-04T09:33:10","modified_gmt":"2019-01-04T09:33:10","slug":"tania","status":"publish","type":"page","link":"https:\/\/plaza54.com\/pagina\/tania\/","title":{"rendered":"Tania"},"content":{"rendered":"<style type=\"text\/css\"> \n#cmsmasters_row_6a090494a7314 .cmsmasters_row_outer_parent { \n\tpadding-top: 50px; \n} \n\n#cmsmasters_row_6a090494a7314 .cmsmasters_row_outer_parent { \n\tpadding-bottom: 55px; \n} \n\n \n#cmsmasters_heading_6a090494a7615 { \n\ttext-align:left; \n\tmargin-top:45px; \n\tmargin-bottom:10px; \n} \n\n#cmsmasters_heading_6a090494a7615 .cmsmasters_heading { \n\ttext-align:left; \n} \n\n#cmsmasters_heading_6a090494a7615 .cmsmasters_heading, #cmsmasters_heading_6a090494a7615 .cmsmasters_heading a { \n\tfont-weight:700; \n\tfont-style:normal; \n} \n\n#cmsmasters_heading_6a090494a7615 .cmsmasters_heading_divider { \n} \n\n \n#cmsmasters_heading_6a090494a7633 { \n\ttext-align:left; \n\tmargin-top:0px; \n\tmargin-bottom:30px; \n} \n\n#cmsmasters_heading_6a090494a7633 .cmsmasters_heading { \n\ttext-align:left; \n} \n\n#cmsmasters_heading_6a090494a7633 .cmsmasters_heading, #cmsmasters_heading_6a090494a7633 .cmsmasters_heading a { \n\tfont-weight:normal; \n\tfont-style:normal; \n} \n\n#cmsmasters_heading_6a090494a7633 .cmsmasters_heading_divider { \n} \n\n \n#cmsmasters_heading_6a090494a7655 { \n\ttext-align:left; \n\tmargin-top:0px; \n\tmargin-bottom:30px; \n} \n\n#cmsmasters_heading_6a090494a7655 .cmsmasters_heading { \n\ttext-align:left; \n} \n\n#cmsmasters_heading_6a090494a7655 .cmsmasters_heading, #cmsmasters_heading_6a090494a7655 .cmsmasters_heading a { \n\tfont-weight:normal; \n\tfont-style:normal; \n} \n\n#cmsmasters_heading_6a090494a7655 .cmsmasters_heading_divider { \n} \n\n \n#cmsmasters_heading_6a090494a766b { \n\ttext-align:left; \n\tmargin-top:0px; \n\tmargin-bottom:10px; \n} \n\n#cmsmasters_heading_6a090494a766b .cmsmasters_heading { \n\ttext-align:left; \n} \n\n#cmsmasters_heading_6a090494a766b .cmsmasters_heading, #cmsmasters_heading_6a090494a766b .cmsmasters_heading a { \n\tfont-weight:700; \n\tfont-style:normal; \n} \n\n#cmsmasters_heading_6a090494a766b .cmsmasters_heading_divider { \n} \n\n \n#cmsmasters_heading_6a090494a7688 { \n\ttext-align:left; \n\tmargin-top:0px; \n\tmargin-bottom:30px; \n} \n\n#cmsmasters_heading_6a090494a7688 .cmsmasters_heading { \n\ttext-align:left; \n} \n\n#cmsmasters_heading_6a090494a7688 .cmsmasters_heading, #cmsmasters_heading_6a090494a7688 .cmsmasters_heading a { \n\tfont-weight:normal; \n\tfont-style:normal; \n} \n\n#cmsmasters_heading_6a090494a7688 .cmsmasters_heading_divider { \n} \n\n \n#cmsmasters_heading_6a090494a769b { \n\ttext-align:left; \n\tmargin-top:0px; \n\tmargin-bottom:10px; \n} \n\n#cmsmasters_heading_6a090494a769b .cmsmasters_heading { \n\ttext-align:left; \n} \n\n#cmsmasters_heading_6a090494a769b .cmsmasters_heading, #cmsmasters_heading_6a090494a769b .cmsmasters_heading a { \n\tfont-weight:700; \n\tfont-style:normal; \n} \n\n#cmsmasters_heading_6a090494a769b .cmsmasters_heading_divider { \n} \n\n \n#cmsmasters_heading_6a090494a76b0 { \n\ttext-align:left; \n\tmargin-top:0px; \n\tmargin-bottom:50px; \n} \n\n#cmsmasters_heading_6a090494a76b0 .cmsmasters_heading { \n\ttext-align:left; \n} \n\n#cmsmasters_heading_6a090494a76b0 .cmsmasters_heading, #cmsmasters_heading_6a090494a76b0 .cmsmasters_heading a { \n\tfont-weight:normal; \n\tfont-style:normal; \n} \n\n#cmsmasters_heading_6a090494a76b0 .cmsmasters_heading_divider { \n} \n\n \n#cmsmasters_heading_6a090494a7738 { \n\ttext-align:center; \n\tmargin-top:0px; \n\tmargin-bottom:20px; \n} \n\n#cmsmasters_heading_6a090494a7738 .cmsmasters_heading { \n\ttext-align:center; \n} \n\n#cmsmasters_heading_6a090494a7738 .cmsmasters_heading, #cmsmasters_heading_6a090494a7738 .cmsmasters_heading a { \n\tfont-weight:normal; \n\tfont-style:normal; \n} \n\n#cmsmasters_heading_6a090494a7738 .cmsmasters_heading_divider { \n} \n\n \n#cmsmasters_divider_6a090494a775c { \n\tborder-bottom-width:1px; \n\tborder-bottom-style:solid; \n\tpadding-top:0px; \n\tmargin-bottom:30px; \n} \n \n#cmsmasters_divider_6a090494a77c2 { \n\tborder-bottom-width:0px; \n\tborder-bottom-style:solid; \n\tpadding-top:0px; \n\tmargin-bottom:20px; \n} \n\r\n\t\t\t\t#cmsmasters_gallery_6a090494a77dc .cmsmasters_gallery {\r\n\t\t\t\t\tmargin:0 0 0 -15px;\r\n\t\t\t\t}\r\n\t\t\t\t\r\n\t\t\t\t#cmsmasters_gallery_6a090494a77dc .cmsmasters_gallery .cmsmasters_gallery_item {\r\n\t\t\t\t\tpadding:0 0 15px 15px;\r\n\t\t\t\t}\r\n\t\t\t<\/style><div id=\"cmsmasters_row_6a090494a7314\" class=\"cmsmasters_row cmsmasters_color_scheme_default cmsmasters_row_top_default cmsmasters_row_bot_default cmsmasters_row_boxed\">\n<div class=\"cmsmasters_row_outer_parent\">\n<div class=\"cmsmasters_row_outer\">\n<div class=\"cmsmasters_row_inner\">\n<div class=\"cmsmasters_row_margin\">\n<div class=\"cmsmasters_column one_fourth\">\n<div class=\"cmsmasters_img  cmsmasters_image_n\">\n<img decoding=\"async\" src=\"https:\/\/plaza54.com\/pagina\/wp-content\/uploads\/2018\/08\/tania.jpg\" alt=\"\" \/>\n<\/div>\n\n<div id=\"cmsmasters_heading_6a090494a7615\" class=\"cmsmasters_heading_wrap cmsmasters_heading_align_left\">\n\t<h3 class=\"cmsmasters_heading\">Horario<\/h3>\n<\/div>\n<div id=\"cmsmasters_heading_6a090494a7633\" class=\"cmsmasters_heading_wrap cmsmasters_heading_align_left\">\n\t<h6 class=\"cmsmasters_heading\">Lunes a S\u00e1bado: 10:00 am a 8:00 pm<\/h6>\n<\/div>\n<div id=\"cmsmasters_heading_6a090494a7655\" class=\"cmsmasters_heading_wrap cmsmasters_heading_align_left\">\n\t<h6 class=\"cmsmasters_heading\">Domingos y festivos: 11:00 am a 7:00 pm<\/h6>\n<\/div>\n<div id=\"cmsmasters_heading_6a090494a766b\" class=\"cmsmasters_heading_wrap cmsmasters_heading_align_left\">\n\t<h3 class=\"cmsmasters_heading\">Contacto<\/h3>\n<\/div>\n<div id=\"cmsmasters_heading_6a090494a7688\" class=\"cmsmasters_heading_wrap cmsmasters_heading_align_left\">\n\t<h6 class=\"cmsmasters_heading\">2170509<\/h6>\n<\/div>\n<div id=\"cmsmasters_heading_6a090494a769b\" class=\"cmsmasters_heading_wrap cmsmasters_heading_align_left\">\n\t<h3 class=\"cmsmasters_heading\">P\u00e1gina Web<\/h3>\n<\/div>\n<div id=\"cmsmasters_heading_6a090494a76b0\" class=\"cmsmasters_heading_wrap cmsmasters_heading_align_left\">\n\t<h6 class=\"cmsmasters_heading\"><a href=\"https:\/\/www.tania.co\/\">www.tania.co<\/a><\/h6>\n<\/div>\n<\/div>\n<div class=\"cmsmasters_column three_fourth\">\n\n<div id=\"cmsmasters_heading_6a090494a7738\" class=\"cmsmasters_heading_wrap cmsmasters_heading_align_center\">\n\t<h2 class=\"cmsmasters_heading\">Tania &#8211; Local 114<\/h2>\n<\/div>\n\n<div id=\"cmsmasters_divider_6a090494a775c\" class=\"cmsmasters_divider cmsmasters_divider_width_long cmsmasters_divider_pos_center\"><\/div>\n<div class=\"cmsmasters_text\">\n<p>Tania nace en 1948 de la mano de dos emprendedores y visionarios antioque\u00f1os, don Luis Felipe Acevedo Tamayo y don\u00a0 \u00c1ngel Cuervo Vallejo. La primera tienda fue fundada en el centro de la ciudad de Medell\u00edn, Colombia, en la reconocida calle Palac\u00e9.<\/p>\n<p>Tania es un \u201cretail\u201d multimarca, multisegmento y multil\u00ednea, que cuenta con m\u00e1s de 30 marcas l\u00edderes y de alta calidad, \u00a0como son Leonisa, Punto Blanco, Touch\u00e9, Formfit Rogers, Cher France, Anne Shantel, St. Even, Tall y Samsara, entre otros. Tambi\u00e9n cuenta con sus marcas exclusivas Bla, bla, bla, \u00cdmpetu, Light Control, Moments by Tania, Easywear by Tania, Bespoke, Lingerie y Tania.<\/p>\n<p>Estas marcas hacen parte de las l\u00edneas de ropa interior femenina, pijamas, vestidos de ba\u00f1o y accesorios, ropa exterior multiprop\u00f3sito, ropa deportiva, productos de belleza y medias.<\/p>\n<p>&nbsp;<\/p>\n<\/div>\n\n<div id=\"cmsmasters_divider_6a090494a77c2\" class=\"cl\"><\/div>\n<div id=\"cmsmasters_gallery_6a090494a77dc\" class=\"cmsmasters_gallery_wrap\"><ul class=\"cmsmasters_gallery cmsmasters_3 cmsmasters_more_items_loader\"><li class=\"cmsmasters_gallery_item\"><figure><a href=\"https:\/\/plaza54.com\/pagina\/wp-content\/uploads\/2018\/08\/tania1.jpg\" rel=\"ilightbox[6a090494a77dc]\"><img loading=\"lazy\" decoding=\"async\" width=\"580\" height=\"375\" src=\"https:\/\/plaza54.com\/pagina\/wp-content\/uploads\/2018\/08\/tania1-580x375.jpg\" class=\"attachment-blog-masonry-thumb size-blog-masonry-thumb\" alt=\"\" srcset=\"https:\/\/plaza54.com\/pagina\/wp-content\/uploads\/2018\/08\/tania1-580x375.jpg 580w, https:\/\/plaza54.com\/pagina\/wp-content\/uploads\/2018\/08\/tania1-1160x750.jpg 1160w\" sizes=\"auto, (max-width: 580px) 100vw, 580px\" \/><\/a><\/figure><\/li><li class=\"cmsmasters_gallery_item\"><figure><a href=\"https:\/\/plaza54.com\/pagina\/wp-content\/uploads\/2018\/08\/tania2.jpg\" rel=\"ilightbox[6a090494a77dc]\"><img loading=\"lazy\" decoding=\"async\" width=\"580\" height=\"375\" src=\"https:\/\/plaza54.com\/pagina\/wp-content\/uploads\/2018\/08\/tania2-580x375.jpg\" class=\"attachment-blog-masonry-thumb size-blog-masonry-thumb\" alt=\"\" srcset=\"https:\/\/plaza54.com\/pagina\/wp-content\/uploads\/2018\/08\/tania2-580x375.jpg 580w, https:\/\/plaza54.com\/pagina\/wp-content\/uploads\/2018\/08\/tania2-1160x750.jpg 1160w\" sizes=\"auto, (max-width: 580px) 100vw, 580px\" \/><\/a><\/figure><\/li><li class=\"cmsmasters_gallery_item\"><figure><a href=\"https:\/\/plaza54.com\/pagina\/wp-content\/uploads\/2018\/08\/tania3.jpg\" rel=\"ilightbox[6a090494a77dc]\"><img loading=\"lazy\" decoding=\"async\" width=\"580\" height=\"375\" src=\"https:\/\/plaza54.com\/pagina\/wp-content\/uploads\/2018\/08\/tania3-580x375.jpg\" class=\"attachment-blog-masonry-thumb size-blog-masonry-thumb\" alt=\"\" srcset=\"https:\/\/plaza54.com\/pagina\/wp-content\/uploads\/2018\/08\/tania3-580x375.jpg 580w, https:\/\/plaza54.com\/pagina\/wp-content\/uploads\/2018\/08\/tania3-1160x750.jpg 1160w\" sizes=\"auto, (max-width: 580px) 100vw, 580px\" \/><\/a><\/figure><\/li><\/ul><script type=\"text\/javascript\">\r\n\t\t\t\tjQuery(document).ready(function () {\r\n\t\t\t\t\t(function ($) {\r\n\t\t\t\t\t\tif ($('#cmsmasters_gallery_6a090494a77dc').find('.cmsmasters_gallery_item').length == '0') {\r\n\t\t\t\t\t\t\treturn false;\r\n\t\t\t\t\t\t}\r\n\t\t\t\t\t\t\r\n\t\t\t\t\t\t\r\n\t\t\t\t\t\tstartGallery( \r\n\t\t\t\t\t\t\t'6a090494a77dc', \r\n\t\t\t\t\t\t\t'grid', \r\n\t\t\t\t\t\t\t'false', \r\n\t\t\t\t\t\t\t'false' \r\n\t\t\t\t\t\t);\r\n\t\t\t\t\t} )(jQuery);\r\n\t\t\t\t} );\r\n\t\t\t<\/script>\r\n\t\t\t<\/div>\n<\/div>\n<\/div>\n<\/div>\n<\/div>\n<\/div>\n<\/div>\n\n","protected":false},"excerpt":{"rendered":"","protected":false},"author":1,"featured_media":0,"parent":0,"menu_order":0,"comment_status":"closed","ping_status":"closed","template":"","meta":{"footnotes":""},"class_list":["post-9608","page","type-page","status-publish","hentry"],"_links":{"self":[{"href":"https:\/\/plaza54.com\/pagina\/wp-json\/wp\/v2\/pages\/9608","targetHints":{"allow":["GET"]}}],"collection":[{"href":"https:\/\/plaza54.com\/pagina\/wp-json\/wp\/v2\/pages"}],"about":[{"href":"https:\/\/plaza54.com\/pagina\/wp-json\/wp\/v2\/types\/page"}],"author":[{"embeddable":true,"href":"https:\/\/plaza54.com\/pagina\/wp-json\/wp\/v2\/users\/1"}],"replies":[{"embeddable":true,"href":"https:\/\/plaza54.com\/pagina\/wp-json\/wp\/v2\/comments?post=9608"}],"version-history":[{"count":8,"href":"https:\/\/plaza54.com\/pagina\/wp-json\/wp\/v2\/pages\/9608\/revisions"}],"predecessor-version":[{"id":10670,"href":"https:\/\/plaza54.com\/pagina\/wp-json\/wp\/v2\/pages\/9608\/revisions\/10670"}],"wp:attachment":[{"href":"https:\/\/plaza54.com\/pagina\/wp-json\/wp\/v2\/media?parent=9608"}],"curies":[{"name":"wp","href":"https:\/\/api.w.org\/{rel}","templated":true}]}}